 greatest common divisor of 459 and 7911.
27
What is the greatest common divisor of 15 and 491235?
15
Calculate the highest common factor of 3862448 and 2608.
2608
What is the highest common factor of 272 and 244579?
17
What is the highest common factor of 420 and 1010?
10
Calculate the greatest common factor of 97528 and 730.
146
What is the highest common factor of 1721556 and 4176?
1044
What is the greatest common factor of 649913 and 11?
11
What is the greatest common divisor of 4977 and 35550?
711
What is the highest common factor of 7220 and 11495?
95
Calculate the greatest common divisor of 939 and 2021667.
939
What is the highest common divisor of 19 and 4279142?
19
What is the greatest common factor of 22755 and 10824?
123
Calculate the greatest common factor of 194994 and 785.
157
Calculate the greatest common divisor of 1279665 and 135.
135
What is the greatest common factor of 1932 and 7609?
7
Calculate the greatest common divisor of 216 and 2533572.
108
What is the highest common factor of 299 and 12844?
13
What is the greatest common factor of 4648 and 224?
56
Calculate the greatest common divisor of 108999 and 4059.
99
Calculate the highest common divisor of 70503 and 662.
331
Calculate the greatest common factor of 100 and 23185.
5
What is the greatest common divisor of 638 and 13717?
319
Calculate the greatest common factor of 7952 and 80.
16
What is the greatest common factor of 39208 and 52728?
1352
What is the highest common divisor of 18 and 10074942?
18
What is the highest common factor of 34 and 157114?
34
Calculate the highest common divisor of 52186 and 776.
194
Calculate the highest common factor of 5619 and 387.
3
What is the highest common factor of 23 and 2562016?
23
What is the highest common factor of 19 and 75031?
19
Calculate the greatest common divisor of 528 and 38.
2
What is the greatest common factor of 36491 and 364?
91
What is the greatest common factor of 1704 and 27660?
12
What is the greatest common factor of 18128 and 256?
16
Calculate the highest common divisor of 110 and 3454.
22
Calculate the highest common factor of 20986 and 490.
14
Calculate the greatest common factor of 2169 and 720831.
723
What is the highest common divisor of 2022324 and 12?
12
What is the highest common divisor of 363 and 1179266?
121
What is the highest common divisor of 6916 and 4732?
364
Calculate the greatest common factor of 13255 and 165.
55
Calculate the greatest common divisor of 24 and 4260108.
12
Calculate the greatest common factor of 268 and 1147978.
134
Calculate the highest common divisor of 22716 and 11124.
36
Calculate the highest common factor of 26 and 356421.
13
Calculate the highest common divisor of 5089 and 175.
7
Calculate the greatest common factor of 1586 and 2684.
122
What is the highest common divisor of 2198 and 518?
14
What is the greatest common factor of 128469 and 408?
51
Calculate the highest common factor of 2147 and 29267.
113
What is the greatest common factor of 33408 and 3072?
384
What is the greatest common factor of 45256 and 88?
8
Calculate the greatest common divisor of 91 and 46333.
7
What is the greatest common factor of 294265 and 458?
229
What is the greatest common factor of 23036 and 13?
13
What is the highest common factor of 775 and 49925?
25
What is the highest common divisor of 2058 and 402?
6
What is the greatest common factor of 213 and 5206359?
213
Calculate the highest common factor of 98971 and 19.
19
What is the highest common factor of 147096 and 9720?
648
Calculate the highest common factor of 62205 and 145.
145
What is the greatest common divisor of 295 and 148385?
295
What is the greatest common factor of 83590 and 208?
26
Calculate the greatest common factor of 15776 and 1624.
232
What is the greatest common divisor of 121107 and 876?
219
Calculate the greatest common divisor of 21468 and 84.
12
Calculate the highest common divisor of 154 and 653268.
154
Calculate the greatest common divisor of 8379570 and 19.
19
Calculate the highest common divisor of 14118 and 68961.
543
What is the highest common divisor of 35476 and 6516?
724
What is the greatest common factor of 403909 and 11?
11
What is the greatest common divisor of 198319 and 894?
149
What is the highest common factor of 20 and 2962280?
20
What is the highest common divisor of 939634 and 826?
118
Calculate the highest common factor of 10098 and 330858.
594
What is the greatest common divisor of 2968 and 637007?
371
Calculate the greatest common divisor of 4213 and 215629.
383
What is the highest common divisor of 1452 and 504?
12
What is the greatest common divisor of 2588 and 1708?
4
Calculate the greatest common factor of 132144 and 64.
16
What is the greatest common divisor of 10132205 and 445?
445
What is the highest common factor of 2304 and 468736?
256
Calculate the highest common divisor of 708 and 1392.
12
Calculate the greatest common factor of 628 and 731620.
628
Calculate the greatest common divisor of 300774 and 78.
6
Calculate the greatest common factor of 19413 and 171.
9
What is the highest common factor of 91 and 1064?
7
Calculate the highest common factor of 266460 and 24.
12
What is the highest common divisor of 1573298 and 694?
694
What is the highest common divisor of 19434 and 12561?
237
What is the highest common factor of 76061 and 69?
23
What is the greatest common factor of 30 and 692115?
15
What is the highest common divisor of 329194 and 874?
38
What is the highest common factor of 286 and 7579?
143
Calculate the greatest common divisor of 705 and 10.
5
Calculate the highest common factor of 152560 and 20.
20
What is the highest common factor of 33 and 167871?
33
What is the highest common factor of 376025 and 117?
13
What is the highest common divisor of 22059 and 32319?
513
Calculate the greatest common divisor of 42363 and 28765.
523
What is the greatest common divisor of 10 and 22465?
5
What is the greatest common factor of 18 and 33514?
2
Calculate the greatest common factor of 668 and 35738.
334
Calculate the highest common factor of 34 and 333778.
34
What is the highest common divisor of 324 and 10524?
12
What is the highest common divisor of 209 and 3534?
19
Calculate the greatest common divisor of 694 and 1494182.
694
Calculate the greatest common factor of 701166 and 1644.
822
What is the highest common factor of 93 and 3090297?
93
What is the greatest common factor of 966 and 39207?
21
What is the greatest common factor of 19 and 1976?
19
Calculate the greatest common factor of 2435493 and 1081.
1081
What is the greatest common factor of 83109 and 78?
39
Calculate the highest common factor of 170 and 30570.
10
What is the highest common divisor of 921 and 246521?
307
What is the greatest common divisor of 312 and 1296?
24
What is the greatest common divisor of 438 and 110303?
73
What is the highest common factor of 466702 and 916?
458
What is the greatest common divisor of 4367 and 121482?
397
What is the highest common divisor of 121455 and 45?
45
Calculate the greatest common factor of 57833 and 1963.
151
What is the greatest common factor of 62 and 249891?
31
Calculate the greatest common factor of 61614 and 652.
326
What is the greatest common factor of 289839 and 33?
33
What is the highest common factor of 412 and 4429?
103
Calculate the greatest common divisor of 23107222 and 1438.
1438
Calculate the greatest common factor of 2185 and 534865.
115
Calculate the highest common factor of 1190 and 97930.
70
What is the highest common divisor of 7942 and 198?
22
What is the greatest common divisor of 7 and 39473?
7
What is the greatest common factor of 19 and 513456?
19
Calculate the greatest common factor of 318528 and 1792.
448
What is the highest common factor of 2320 and 399910?
290
What is the highest common factor of 10 and 3994?
2
What is the greatest common factor of 20 and 2608?
4
What is the greatest common divisor of 224904 and 288?
24
Calculate the greatest common divisor of 630082 and 94.
94
Calculate the greatest common divisor of 3058727 and 49.
49
What is the greatest common divisor of 3822 and 962?
26
What is the highest common divisor of 19500 and 11328?
12
What is the highest common factor of 11641 and 7?
7
What is the highest common factor of